(2 - 16)?
59
Evaluate -186 + 106 - 14 - (-29 - 2).
-63
Evaluate (6 - 17) + (82 - (4 - -19 - 8)).
56
17 + 7 + -3 + -26 + (-31 - 1)
-37
16 + -9 + -43 + 25 + 64 - -1
54
What is (3 - (-7 + 23 + -2)) + 16?
5
63 - (176 - 50) - (-5 - 2)
-56
What is (0 - 0) + -59 + -4278 + 4288?
-49
What is the value of 45 + (-33 + -1 - -5) - 27?
-11
-34 - 1 - (119 + 0 + -116)
-38
(213 - 219 - (-12 + -2)) + (-50 - 0)
-42
Evaluate 16 + (-28 - (-13 - -1 - 17)).
17
What is -2 + (-2 - -44) + (5 - (-214 - -212))?
47
What is the value of (64 - 73) + (-6 - (-6 - -5) - -1 - 51)?
-64
What is (-67 - -26 - 2) + -9 + 32?
-20
What is (-4 - -4) + (-6 - (6 - ((-5 - -6) + -21)))?
-32
Calculate 19 + -23 + (-10 - -17) + -1 - -88.
90
-12 + (21 - 0) + (62 - -11 - 3) - 11
68
What is -5 + (8 - 4) + (14 + -17 - 4)?
-8
Calculate (22 - (-54 - 0)) + -33.
43
Calculate -42 - (3 + -2) - (-262 + 247).
-28
What is 19 + -17 + 15 + 6 + -19?
4
Evaluate 0 + (15 + -1 - 19) + 13.
8
What is the value of 70 + 4 + (-47 + 39 - (-7 + 0)) + -6?
67
Calculate (2 + 1 - -1 - 6) + (-13 - (30 + -52)).
7
11 - (-74 - (-94 - -80))
71
-33 - -7 - (-103 - -154)
-77
What is 27 + (-36 - 73 - -21)?
-61
What is -76 + (6 - (5 - 19 - (-35 + -2) - 3))?
-90
-2 + 38 + 95 + -307 + 90
-86
(-1 + -20 - (2 + 0)) + -6 + 28 + -17
-18
What is the value of (42 - (16 + -48)) + -109?
-35
What is the value of -22 - ((8 - -2) + (-125 - -106))?
-13
-17 - (1 + 15 + 129 + -131)
-31
-13 + (-79 - (38 - 74)) + (-2 + 5 - 2)
-55
What is 7 + -2 + 4 + (50 - (-45 - -52)) + -37?
15
19 + (-3 - -1) + (26520 - 26651)
-114
What is the value of -39 + (-2 - ((-21 - -48) + -1))?
-67
What is the value of 485 + -490 - (0 - 36) - ((5 - 3) + -6)?
35
What is the value of -2 + (16 - (7 + -6)) + 19?
32
Evaluate (11 - 6) + -3 - (-8 + (5 - (-20 - 0))).
-15
What is (28 - -135) + -89 - 185?
-111
Calculate (-52 - -46) + -1 + -40 + (-47 - -41).
-53
What is 24 - (17 + 20) - 63?
-76
What is the value of (2 + -8 + 1 - 3) + (544 - 475)?
61
What is (0 - -96) + 118 + (-124 - 27)?
63
-1 - -27 - (132 - 101) - (-1 - -3)
-7
What is the value of 1080 + -1208 - (-1 + -68)?
-59
What is the value of -59 - (-4 - (25 - (37 + -10)))?
-57
What is the value of 13 + 4 + -61 + -34 - -6?
-72
What is the value of 1 + -14 + 23 + -6 - 20?
-16
What is the value of -31 - -1 - (-221 - -146) - (-4 - (9 - 4))?
54
Evaluate (11 + -41 - -10) + 0 + 11.
-9
What is (-436 - -451) + -35 + -3?
-23
74 + (-11 - (6 - 2) - (-29 - -23 - -1))
64
Evaluate 29 + (-31 - -14) - (0 + 31) - -10.
-9
What is the value of (-14 - 26) + 38 + 19?
17
What is the value of (84 - -6) + 2 - (2684 + -2675)?
83
What is the value of 34 + -58 + 6 + 23 + -11?
-6
Evaluate -12 - (-245 + 178 - (-19 + 1)).
37
What is 23 + (22 - ((-13 - 15) + 36)) + 1 + 0?
38
What is the value of 22 + 22 + (-28 - (12 - 32))?
36
Evaluate -6 - -1 - ((-41 - -13) + (-202 - -262)).
-37
Calculate 20 + 1 + (-13 - (-32 + 120)).
-80
Calculate (91 + -42 - 48) + -40.
-39
What is 566 + -574 - (-3 + (3 - 3))?
-5
-128 - (128 + -158 - (-2 + -28))
-128
What is the value of 57 + (-77 - -38) + -21 - (1 - 79)?
75
What is 128 - 154 - (-9 - -36) - 26?
-79
Calculate (113 - -4) + 169 + -160 + -6 - (12 + 0).
108
20 + 6 + 33 + (-56 - -29)
32
What is the value of 5 + (20 + -8 - 23) + -66?
-72
57 + 14 - (-283 - -345)
9
What is -51 - (-6 + 21) - -63?
-3
What is -2 + 549 + -468 + (0 - 18) + -6?
55
Calculate (10 - -15 - -5) + -17 + (-76 - 3) - -9.
-57
48 + (-8 - 28) - -1
13
78 - 89 - (30 + (-4 - (0 - 2)))
-39
Calculate 10 + (59 - 26) + -49 - 27.
-33
Calculate 0 - (-10 + 7 + 7 + -4 + -8 + 15).
-7
Evaluate 93 + -67 + -13 + (-2 - 0 - 13).
-2
What is the value of 123 + 39 + (-69 - -5) + -2?
96
Evaluate 12 + -30 + (-1 - -5) + 5 + 2.
-7
Calculate 5 - (43 - (20 - 27 - -6)).
-39
8 + -3 + (-22 - -16) + 14 - 51
-38
Evaluate 9 - ((1 - -11) + (7 - 12 - 9)).
11
-22 - (-35 - -16) - (-3 - -5) - -27
22
Calculate 17 - (9 + 4 + -10 - 16).
30
Calculate 38 - (-1 - 0) - (-34 - (18 + -12 - 29)).
50
What is 0 + (0 + -59 - -18)?
-41
Calculate (-4 - 4) + -2 + 1 - (6 + -9) - 64.
-70
Evaluate -2 + -10 + 4 + -5 + (16 - (-3 - -12)).
-6
What is the value of 9 + -6 + (-9 - (-12 + 43 + 8))?
-45
-4 + -10 + 6 - (18 - -19)
-45
94 - 92 - -23 - (1 - -133)
-109
Calculate -40 + -97 + 71 + 41.
-25
Evaluate 12 + 3 + -69 + 7.
-47
Calculate (4 - 3 - 19) + 2 + 6 - -92.
82
Calculate -10 + 3 + 4 + (14 - (-1 - -7) - 58).
-53
Calculate -70 - ((-6 + -1 - (-26 + 25)) + -8).
-56
What is -2083 + 2040 + 1 + 29 + -49?
-62
13 + 15 + 10 + -15 + -1 - 142
-120
Calculate -1 - -24 - (-18 + (40 - (-33 + 62))).
30
Evaluate 6 + 0 - (39 + -4 + -21 - -11).
-19
What is the value of (327 + -364 - (-7 + (1 - 0))) + -17 + 14?
-34
What is the value of (53 - 2) + 16 + (71 - 83) + -4 + 11?
62
Evaluate 1 - -11 - (8 - (28 - 9)).
23
-48 + (59 - (-120 - -120))
11
What is the value of 0 + 78 + (16 - ((7 - 1) + -1))?
89
Evaluate 2448 - 2454 - (-1 - (7 + -3 + 124)).
123
-181 - -43 - 50 - -126
-62
Calculate 26 + (-43 + 35 - (4 - -11)).
3
Evaluate 6 + (-11 - -4) - (12 + -23 + -6 + 60).
-44
What is (-3 - 23) + -4 - -52?
22
What is the value of -4 + (-29 - -38 - (5 + 38))?
-38
Calculate (30 - (20 - 0)) + (0 + -5 - -42).
47
Calculate (-18 - (-7 - -22)) + (8 - 75).
-100
Calculate (43 - (10 + (3 - ((-5 - 2) + 14)))) + -3.
34
14 - (-29 + 15 + 7) - 36
-15
Calculate 18 + -21 + (4 - 12 - -154 - -14).
157
What is -24 - (-30 - -13) - (56 - 5 - -2 - 4)?
-56
Evaluate -13 - (6 + 1 - (135 + -124) - (0 - 2)).
-11
-43 + (-16 - -73) + 27
41
Calculate -332 + 340 + (23 - 0).
31
24 + -70 + 20 - -21
-5
-12421 + 12414 - ((-1 - -1 - 0) + -42)
35
-6 - (-36 - (24 + -38) - 75 - (6 + 1))
98
What is the value of (-1 - (26 - 1)) + (-197 - -238)?
15
What is 4 + -117 + -4 - (-2 - ((-5 - -18) + -3))?
-105
-6 + (-36 - (-9 + -20) - (2 + -16))
1
56 - 51 - 15 - -38
28
261 - ((69 - -254) + -161)
99
Calculate -81 + (-5 - (-26 + 40 + -23)).
-77
Evaluate (-2 + 1 + 2 - (-1344 - -1345)) + 25.
25
What is the value of -38 + 82 + 8 + -31?
21
What is the value of (-44 - 15) + 24 + 3?
-32
Evaluate -34 - (-17 - (-70 - -59)).
-28
Evaluate (41 - 88) + 28 - (1 - -49).
-69
Calculate (-14 - -54 - -5) + 23 + 5.
73
What is (45 - 2) + (-33 - -8) + 13 - -11?
42
Evaluate (11 - 8) + (48 - 86) + -2.
-37
What is 0 - -1 - (-6 + 29 - (55 - 65))?
-32
-1 - -1 - (9271 + -9203)
-68
What is the value of -4 + (-2 - -53) + (2 + 5 - 18) + 17?
53
19 + -23 + (25 - 43) - -40
18
(-494 - -385) + (-16 - (-3 + (1 - 4)))
-119
(-1 - (16 - -1 - (-36 + 36))) + 48
30
Calculate (-187 - (-52 + -89)) + (-7 - 1).
-54
Calculate (3 + -16 + 13 - 11) + (-35 - (4 - 9)).
-41
What is (65 - (-24 - -62)) + (75 - 31)?
71
Evaluate -7 + (6 - -2) - (-1 - 15 - 28).
45
What is (0 - 14) + ((-15 - 45) + 13 - -78)?
17
What is (-80 - -72) + 11 + 27?
30
What is the value of 6 + -8 - ((2 - 7) + (-12 + -1 - 17))?
33
What is the value of 42 - (5 + -62 + 43)?
56
What is 5 + 8 + (-20 - ((10 - -9) + -6)) + 6?
-14
Evaluate 11 + -10 - (24 - 26) - 29.
-26
What is 62 - ((-8 - -68) + -118 + 83)?
37
What is the value of 3 - 20 - (-34 - -36 - -27)?
-46
What is (8 - (55 - 23)) + 43?
19
Evaluate -24 + 37 + (-32 - (15 + -14)).
-20
-6 - 7 - ((9 - 12) + 6)
-16
Calculate 87 + -43 - (34 + -12).
22
2 + (41 - -21) + -32
32
Calculate 138 + (95 - (156 - -60)).
17
-55 + 3 + 0 - (-21 + 20 + 5 + -9)
-47
Evaluate 4 + (-3 - -1 - (-26 - (-19 - 11))) + 17.
15
(35 - (-3 + (8 - 4))) + -13 + 0 + 4
25
Evaluate -6 + -1 - (3 - (11 + -13 + 20)) - -4.
12
What is -7835 + 7831 - (1 - 0 - 22)?
17
What is the value of (25 - (-131 - -266)) + 37?
-73
Calculate -2 + -3 - (-18 + (-11 - 5 - -45) + 27).
-43
Calculate (-27 - -35) + (8 - -4) + -30 + -3.
-13
27 - ((-32 - (-11 - 50)) + (-1 - 15))
14
(-14 - (-3 - 3 - -9)) + (-669 - -752)
66
What is (53 + -49 - -23) + -39?
-12
Evaluate 3429 + -3410 + -4 + (-1 - (155 + 3)).
-144
(-21 - 1) + (182 - -2) + -446 + 381
97
-2 + 11 + (2 - (38 + -15))
-12
What is -104 + 92 + 13 + -33 + 0 + -2 + 0?
-34
What is 142 + -37 + -102 + 85?
88
Calculate 2028 + -2018 - (11 + 2).
-3
(-29 - -1) + 115 + -97 + 48
38
Calculate -10 + (83 - (-38 - -48)).
63
What is 5 + (6 - 0) + (-57 - -34) + 31 + -6?
13
What is -49 - ((-1 - 26) + 11 + 13 + 7)?
-53
What is 49 + 7 + -190 + 108?
-26
(-4 - (13 + -16 - 8)) + 9 + -32
-16
-13 + 0 + 6 - (75 + -75) - 53
-60
Calculate 11 + -127 + -1 - (-185 + 150).
-82
What is 